 19093 and 388120.
313
What is the highest common factor of 9329904 and 4416?
1104
Calculate the greatest common factor of 518 and 1613350886.
518
Calculate the highest common divisor of 7805 and 28700.
35
Calculate the highest common factor of 924 and 24187548.
924
What is the greatest common divisor of 35231515 and 2530?
1265
Calculate the greatest common factor of 650468 and 1924.
52
Calculate the greatest common factor of 3656396 and 870928.
7508
Calculate the greatest common factor of 10455 and 295148135.
3485
What is the greatest common factor of 1569359776 and 11584?
5792
What is the greatest common divisor of 49 and 750500611?
49
Calculate the greatest common factor of 9450 and 8528450.
350
Calculate the greatest common factor of 6 and 4250840.
2
What is the greatest common factor of 46867533 and 1971?
219
Calculate the highest common divisor of 2321605 and 212619.
187
Calculate the highest common factor of 1877842931 and 314.
157
What is the highest common divisor of 1049136 and 5808?
528
Calculate the greatest common factor of 42346 and 261764.
62
Calculate the greatest common factor of 306 and 6880410.
306
Calculate the greatest common divisor of 24 and 11749392.
24
What is the highest common divisor of 268116 and 1788?
12
Calculate the highest common factor of 2993380 and 6090.
290
What is the greatest common divisor of 7 and 14779499?
7
Calculate the highest common divisor of 3632 and 136624.
16
Calculate the greatest common divisor of 1274322 and 1554.
42
What is the greatest common factor of 54399 and 202?
1
What is the greatest common factor of 6588 and 2347036?
244
Calculate the greatest common factor of 988 and 51608674.
494
What is the highest common divisor of 536 and 27941479?
67
What is the greatest common factor of 314900 and 31396?
188
What is the greatest common factor of 188486658 and 18?
18
What is the highest common factor of 2655 and 26180955?
2655
What is the greatest common factor of 1891582 and 468174?
994
What is the greatest common divisor of 1204853750 and 2635?
2635
Calculate the greatest common factor of 500889 and 921129.
309
Calculate the highest common divisor of 149752 and 224.
8
Calculate the greatest common factor of 4958 and 5593696.
134
What is the greatest common factor of 4154724 and 2700?
36
What is the greatest common factor of 10 and 4071490?
10
Calculate the highest common divisor of 1326 and 116909.
221
Calculate the highest common divisor of 780 and 1046135610.
390
Calculate the greatest common divisor of 407328315 and 15.
15
What is the greatest common divisor of 1386 and 8254422?
198
What is the highest common divisor of 63 and 1413967275?
63
Calculate the greatest common divisor of 8429002 and 8174.
134
What is the highest common divisor of 19 and 1399417013?
19
What is the highest common divisor of 29322 and 228024?
18
What is the greatest common divisor of 8979 and 843165?
123
What is the highest common factor of 3255 and 2883405?
105
Calculate the highest common divisor of 430 and 15964790.
10
Calculate the highest common divisor of 306 and 531234.
18
Calculate the highest common factor of 42 and 154755096.
6
Calculate the greatest common factor of 7951055 and 70.
35
What is the greatest common divisor of 1658074 and 7183?
11
What is the highest common factor of 338 and 5810246?
26
Calculate the highest common factor of 1237701420 and 15.
15
Calculate the greatest common factor of 20361 and 531003.
33
Calculate the greatest common factor of 240 and 1098060.
60
What is the highest common factor of 17487519 and 19173?
1743
Calculate the highest common divisor of 64400 and 166161200.
9200
What is the highest common divisor of 21197283 and 153072?
3189
What is the greatest common divisor of 2444767 and 38443?
1039
What is the highest common divisor of 1543918520 and 2680?
2680
What is the highest common divisor of 22995811 and 29?
29
What is the greatest common factor of 318348025 and 3550?
1775
What is the highest common divisor of 49518 and 3919782?
786
What is the greatest common divisor of 16780 and 368586124?
3356
Calculate the highest common divisor of 32940395 and 15.
5
Calculate the greatest common factor of 165099264 and 66.
66
What is the greatest common divisor of 40968 and 121032?
72
What is the highest common divisor of 587270 and 130?
10
Calculate the highest common factor of 99963 and 639993.
1149
Calculate the greatest common divisor of 19944045 and 4059.
99
Calculate the greatest common factor of 6659370 and 74115.
2745
What is the greatest common factor of 780 and 46294950?
390
Calculate the greatest common divisor of 234 and 1986374.
26
What is the highest common divisor of 36245 and 1832020?
3295
What is the highest common factor of 1260 and 7201320?
420
What is the greatest common divisor of 1068 and 8459806?
178
Calculate the highest common factor of 4631293 and 1410116.
1513
Calculate the highest common factor of 652878 and 9018.
18
What is the greatest common divisor of 1309929 and 48573?
771
What is the highest common factor of 83060 and 2540?
20
Calculate the highest common factor of 113338082 and 4862.
4862
What is the greatest common divisor of 10919844 and 14976?
468
Calculate the highest common factor of 35275 and 135065.
85
Calculate the greatest common divisor of 3318 and 1799778.
474
Calculate the highest common divisor of 209408 and 116608.
128
Calculate the highest common divisor of 17366148 and 1296.
36
What is the highest common divisor of 31948 and 85249?
163
Calculate the greatest common factor of 8773498 and 8529.
2843
Calculate the highest common divisor of 1216015 and 40.
5
Calculate the greatest common divisor of 13129554 and 744.
186
Calculate the highest common factor of 6222 and 65446107.
3111
Calculate the highest common divisor of 113950 and 13878250.
2150
What is the highest common factor of 4097046 and 17430?
498
Calculate the greatest common factor of 38767475 and 2825.
2825
Calculate the highest common divisor of 2938 and 15782.
26
What is the highest common factor of 348462600 and 153?
51
What is the highest common divisor of 136820900 and 14806?
1346
What is the highest common divisor of 1492 and 53052163?
373
Calculate the highest common divisor of 10470691 and 65569.
2261
Calculate the highest common factor of 84607681 and 17233.
907
Calculate the greatest common factor of 23381 and 1688199.
227
Calculate the greatest common factor of 140 and 496644.
4
Calculate the highest common factor of 6850 and 5392594.
274
What is the highest common divisor of 2232 and 1451976?
24
Calculate the greatest common divisor of 781880 and 36440.
40
What is the greatest common divisor of 633869 and 3523?
271
Calculate the highest common divisor of 4634748 and 4464.
1116
Calculate the greatest common divisor of 6212 and 81860.
4
What is the highest common factor of 2162775 and 225?
75
What is the highest common factor of 2071633 and 13938?
23
Calculate the highest common divisor of 38109092 and 32582.
2962
Calculate the highest common factor of 4740 and 319170.
30
What is the greatest common factor of 187 and 4924051?
11
What is the highest common divisor of 42396700 and 16572?
5524
What is the greatest common factor of 1294089 and 3?
3
Calculate the highest common factor of 2192531 and 1056.
11
What is the greatest common factor of 25466525 and 50?
25
Calculate the greatest common factor of 10427124 and 696.
348
What is the highest common factor of 48664 and 306432?
56
What is the greatest common factor of 27056 and 22456?
8
Calculate the greatest common factor of 7821 and 158670315.
711
What is the highest common divisor of 3744659 and 333?
37
Calculate the highest common divisor of 27 and 16811541.
9
What is the greatest common factor of 4745480 and 1705?
155
Calculate the greatest common divisor of 107213 and 30769.
29
Calculate the greatest common factor of 1558 and 140533732.
82
Calculate the greatest common factor of 3125772 and 2028.
156
What is the greatest common divisor of 87100 and 114978700?
6700
What is the highest common divisor of 9120 and 187808?
32
Calculate the greatest common divisor of 402935 and 295.
5
What is the greatest common factor of 22380 and 1670294?
746
What is the highest common divisor of 3528 and 166415088?
168
Calc